Let t = -8565 + 8780. Calculate the greatest common divisor of t and 1161.
43
Let z = 247 + -244. Suppose 0 = z*d + 2*d, 3*d = -4*q + 120. Calculate the highest common divisor of q and 240.
30
Suppose 5*c + 4*i - 780 = 1542, -4*i + 1390 = 3*c. Suppose -459*a - 980 = -c*a. Calculate the greatest common divisor of a and 40.
20
Suppose 28*y = 33*y + 20, 2*x - 124 = y. What is the greatest common divisor of 264 and x?
12
Let t(h) = -h**3 + h**2 - 3*h - 269. Let b be t(0). Let s = b - -293. What is the highest common factor of 30 and s?
6
Suppose -4131 - 2885 + 2457 = -i. What is the highest common factor of i and 94?
47
Let q = -232 + 243. Suppose -7 = -j + q. What is the greatest common factor of j and 8?
2
Suppose -38*m + 9819 = 4263 - 50304. What is the highest common factor of 196 and m?
98
Let u be 9562/77 + 5/((-165)/6). Let g(j) be the second derivative of j**3/3 + 31*j**2/2 - 2*j. Let x be g(0). Calculate the greatest common factor of x and u.
31
Suppose -3*g - 19 = 26. Let k = g + 26. Let h be -7 + k - (-4)/(-2). What is the highest common divisor of 14 and h?
2
Let x = -2159 + 2767. What is the greatest common divisor of 64 and x?
32
Suppose 89*f - 6*f - 123 = 43. What is the highest common factor of f and 3902?
2
Suppose -56*p = -45*p - 6479. Calculate the highest common divisor of 155 and p.
31
Let p(t) = 20*t - 119. Let v(n) = -36*n + 238. Let d(w) = 5*p(w) + 3*v(w). Let q be d(7). What is the greatest common factor of q and 9?
9
Suppose -8*r = -23 + 303. Let s = r + 35. Let f be (-7)/(28/(-32)) + s. What is the highest common divisor of f and 4?
4
Let g(r) = -59 + 4*r + 162 + 126 + 0. Let z be g(6). What is the greatest common factor of 11 and z?
11
Let r be (-58)/18 + (-4)/(-18). Let u be (r/(-6))/(14/532). Let q(n) = -208*n + 1. Let d be q(-1). What is the greatest common divisor of u and d?
19
Suppose 3*m + 260*p - 365 = 255*p, -2*p = -2. Let q(v) = -v**3 - 5*v**2 - 10*v - 5. Let a be q(-5). Calculate the highest common factor of m and a.
15
Let h(c) = c**2 + 6*c - 7. Let z = -115 + 109. Let f(b) = -b**2 - b + 20. Let u be f(z). Let d be h(u). Calculate the highest common divisor of d and 55.
11
Suppose -q = -4*d + 2*q + 17, 4*d = 4*q + 20. Suppose -w + d*w - z = 8, 0 = 4*w + 3*z - 32. Calculate the highest common divisor of 24 and w.
8
Suppose -18*k + 68*k = -26*k + 76. Calculate the greatest common factor of 167 and k.
1
Let k be (7 + -9 - -8)*(-6 + (-76)/(-12)). What is the highest common divisor of 2722 and k?
2
Let m be (-1 - 3)/((-2)/2). Let s = -4403 - -4431. Suppose 3*r = m*t + 4, 0*r - 4*t + s = 5*r. Calculate the highest common divisor of r and 32.
4
Let o = -458 - -460. Suppose 357 - 405 = -o*v. What is the greatest common factor of 120 and v?
24
Suppose -10*b + 4091 = 34*b - 3037. Suppose 2*f = 2*t + 3*f - 183, -87 = -t + f. Calculate the greatest common divisor of t and b.
18
Suppose 1118*o = 1123*o - 85. Calculate the highest common factor of o and 1853.
17
Suppose 0 = -4*y - 4*m + 52, -3*m - 27 - 11 = -4*y. Let u = 25 - y. Let n be 15 - (15/(-20))/(7/56). What is the greatest common factor of n and u?
7
Let a(b) = -b**3 - 12*b**2 - 30*b + 29. Let i be a(-5). Calculate the highest common divisor of 972 and i.
4
Let m(k) = k - 1. Let b be m(8). Let v(c) = -c**2 + 5*c - 1. Let r be v(3). Suppose r*u + 7 - 42 = 0. What is the greatest common divisor of u and b?
7
Suppose -2*i - m + 35741 = -9317, 45058 = 2*i + 4*m. What is the greatest common factor of i and 26?
13
Suppose -2*y + 3018 - 678 = 10*y. Calculate the highest common divisor of 135 and y.
15
Let h be 3/((6/28)/(795/30)). Let v = h + -370. Calculate the greatest common divisor of 47 and v.
1
Let t(w) = 4*w**2. Let u be t(1). Let q be (24955/460)/((-14)/(-16)). Calculate the highest common factor of q and u.
2
Suppose 2*j = -2*z - 3*j - 233, -5*z - 5*j = 575. Let x be z/(-5 + -1) - (7 - 2). Suppose 8*c - 3*c = 70. What is the highest common divisor of c and x?
14
Let n(f) = f**3 + 17*f**2 + 2*f + 69. Suppose 4*r + m + 64 = 0, m - 89 = -3*r + 8*r. Let v be n(r). What is the greatest common factor of 105 and v?
35
Let r be 1 + 0 + 0 + 84. Let m(a) = -107*a + 514 + 241*a - 119*a - 149. Let s be m(-24). Calculate the highest common divisor of r and s.
5
Let t be 1/(2/(-8)) - -13. Suppose -2*n + 59 = -12*h + t*h, -4*n - 2*h = -142. Calculate the highest common factor of 646 and n.
34
Suppose 77 = u + 3*a, 4*u + 4*a + 24 - 372 = 0. Calculate the highest common factor of 3772 and u.
92
Let z be 77 - -35210 - (1/((-4)/(-28)) + -2). What is the greatest common factor of z and 46?
46
Let o be (22/(-33))/((-4)/18). Suppose -o*p = 2*p. Suppose -4*w = -p*w - 96. What is the highest common factor of 36 and w?
12
Suppose 4*p - 1749 + 156 = -3*x, 2124 = 4*x - 5*p. Calculate the greatest common factor of x and 708.
177
Suppose -5*q = -2610 - 210. What is the highest common divisor of q and 42?
6
Let n = 232 + -351. Let l = n + 149. Calculate the greatest common divisor of 15 and l.
15
Let z = 120 - 184. Let r be (539/22 + -22)*(-178)/(-5). Let b = z + r. Calculate the highest common divisor of b and 75.
25
Suppose 5*g - 1064 = -3*g. Let s(v) = -30*v**2 + v + 1. Let z be s(-1). Let t = z + 49. What is the highest common divisor of t and g?
19
Let o be (17 - -3)*(-54)/(-8). Let z(i) = 5*i + 17*i - 272 + 255. Let c be z(2). Calculate the greatest common factor of c and o.
27
Suppose 0 = 44*h - 13*h + 146 - 5323. What is the highest common factor of h and 12191?
167
Suppose -2*m = -2*o + 110, 0 = -3*o - 8*m + 86 + 35. What is the highest common factor of 272 and o?
17
Let l be -77 - (-10 - -6) - 4. Let g be 2054/14 - (9 + 715/l). What is the greatest common factor of g and 168?
21
Suppose -2 = u, -3*w - w = -5*u - 138. Let l be 4 + (-68)/(4 - 2). Let m = w + l. Calculate the highest common factor of 16 and m.
2
Let o(w) = 6*w**2 - 7*w + 10. Let c be o(7). Let j(v) = -v**2 + 35*v - 261. Let g be j(12). Calculate the highest common factor of c and g.
15
Let a(k) = 216*k - 2788. Let f be a(13). Calculate the greatest common factor of 476 and f.
4
Let s(b) = -41 - 19*b + 37*b - 21*b. Let h be s(-23). Calculate the greatest common factor of h and 28.
28
Let f = -5209 + 5481. Calculate the highest common factor of f and 632.
8
Suppose -154 = -5*q - 4. Let p = 35 - q. Suppose -n - 21 = -k, 93 + 2 = p*k + 5*n. What is the greatest common factor of 20 and k?
20
Let i = -269 - -481. Let x = 602 - i. What is the highest common factor of x and 90?
30
Suppose 27*t - 17461 = -17083. Let s be (-190)/15*42/(-4). What is the greatest common divisor of s and t?
7
Let h = 256 + -257. Let j be (h - 2)*(-533)/39. What is the greatest common divisor of j and 41?
41
Let y = 2555 + -2547. Calculate the greatest common divisor of y and 2872.
8
Let x = 37 + 29. Let u be (-4 + 8 + x/(-15))*-105. What is the highest common divisor of 12 and u?
6
Let l = 18 + 96. Suppose 5*t + s = 93, -9*t - 5*s = -4*t - 105. Calculate the greatest common factor of l and t.
6
Let y be 15/1 - (-2)/6*-9. Let b(u) = u**2 + 4*u + 2. Let i be b(-4). Suppose i*r - 240 = -3*r. What is the highest common factor of y and r?
12
Let r be 582 + 0 - (12 + -11) - 0. Let z = 1085 - r. What is the highest common factor of z and 18?
18
Let n(c) = 39*c**2 + 2*c + 1. Let k be n(-1). Let g be 356 - ((-14)/3 - 39/117). Calculate the highest common factor of k and g.
19
Let c(r) be the second derivative of -5*r**3/6 - 49*r**2/2 + 32*r. Let o be c(-13). What is the highest common divisor of o and 144?
16
Let o be ((-15)/(-6) - -1)/((-17)/(-5100)). What is the highest common divisor of o and 245?
35
Suppose -113*a + 110*a = -5*m + 32, 2*a = 3*m - 20. Let f(j) = j**2 - j - 5*j - 7 + 0*j. Let t be f(a). Calculate the greatest common factor of t and 297.
33
Let q = -10553 - -10573. Calculate the greatest common divisor of 170 and q.
10
Suppose 0 = -5*k + c + 1113, -c - 9 = 2*c. Suppose 4*r = s - 198, s - 4*r + k = 2*s. Suppose y - 7*y + s = 0. What is the greatest common factor of 14 and y?
7
Suppose 200 = 4*g - 2*b, 3*g - 303 + 163 = 4*b. Suppose 3*s = 0, -5*j + j + 1612 = -5*s. What is the highest common factor of j and g?
13
Suppose v = 3*l - 57, -138*l = -142*l + v + 77. Let x be 4958/8 + (-3)/(-12). Calculate the greatest common divisor of l an